{"id":2029,"date":"2017-10-11T15:26:31","date_gmt":"2017-10-11T13:26:31","guid":{"rendered":"http:\/\/www.finiturefirmate.it\/?page_id=2029"},"modified":"2017-11-16T14:43:09","modified_gmt":"2017-11-16T13:43:09","slug":"ad-dellazienda","status":"publish","type":"page","link":"https:\/\/finiturefirmate.it\/?page_id=2029","title":{"rendered":"AD Dell&#8217;Azienda"},"content":{"rendered":"<p>[vc_row row_style=&#8221;full-width&#8221; equal_height=&#8221;true&#8221; vertical_align=&#8221;middle&#8221; padding_size=&#8221;no-padding&#8221;][vc_column padding_size=&#8221;l-padding&#8221; width=&#8221;1\/2&#8243;][vc_single_image][\/vc_column][vc_column overlap=&#8221;left&#8221; overlap_distance=&#8221;100px&#8221; overlap_index=&#8221;50&#8243; width=&#8221;1\/2&#8243;][vc_row_inner][vc_column_inner offset=&#8221;vc_hidden-sm vc_hidden-xs&#8221;][vc_empty_space][\/vc_column_inner][\/vc_row_inner][vc_row_inner overlap=&#8221;left&#8221; overlap_distance=&#8221;150px&#8221; overlap_index=&#8221;50&#8243; padding_size=&#8221;no-padding&#8221;][vc_column_inner padding_size=&#8221;no-padding&#8221;][vc_custom_heading text=&#8221;Intervista a Ivan Paletti&#8221; font_container=&#8221;tag:h2|font_size:58px|text_align:left|line_height:70px&#8221; google_fonts=&#8221;font_family:Playfair%20Display%3Aregular%2Citalic%2C700%2C700italic%2C900%2C900italic|font_style:700%20bold%20regular%3A700%3Anormal&#8221; css=&#8221;.vc_custom_1507728731929{padding-right: 5% !important;padding-left: 5% !important;}&#8221;][vc_empty_space][\/vc_column_inner][\/vc_row_inner][vc_row_inner padding_size=&#8221;no-padding&#8221; css=&#8221;.vc_custom_1457181877042{padding-right: 5% !important;padding-left: 5% !important;}&#8221;][vc_column_inner padding_size=&#8221;no-padding&#8221;][vc_custom_heading text=&#8221;Breve chiacchierata con il nostro AD.&#8221; font_container=&#8221;tag:p|font_size:22px|text_align:left|color:%23555555|line_height:36px&#8221; google_fonts=&#8221;font_family:Lato%3A100%2C100italic%2C300%2C300italic%2Cregular%2Citalic%2C700%2C700italic%2C900%2C900italic|font_style:300%20light%20regular%3A300%3Anormal&#8221;][\/vc_column_inner][\/vc_row_inner][\/vc_column][\/vc_row][vc_row row_style=&#8221;full-width&#8221; equal_height=&#8221;true&#8221; vertical_align=&#8221;middle&#8221;][vc_column padding_size=&#8221;l-padding&#8221; width=&#8221;1\/2&#8243; css=&#8221;.vc_custom_1472398779573{padding-top: 0px !important;padding-bottom: 0px !important;}&#8221;][vc_single_image image=&#8221;4854&#8243;][\/vc_column][vc_column overlap=&#8221;left&#8221; overlap_distance=&#8221;100px&#8221; overlap_index=&#8221;50&#8243; width=&#8221;1\/2&#8243;][vc_row_inner padding_size=&#8221;no-padding&#8221; css=&#8221;.vc_custom_1508923952008{margin-top: -200px !important;padding-right: 5% !important;padding-left: 5% !important;}&#8221;][vc_column_inner padding_size=&#8221;no-padding&#8221;][vc_empty_space height=&#8221;10px&#8221;][\/vc_column_inner][\/vc_row_inner][vc_row_inner padding_size=&#8221;no-padding&#8221; css=&#8221;.vc_custom_1457181877042{padding-right: 5% !important;padding-left: 5% !important;}&#8221;][vc_column_inner padding_size=&#8221;no-padding&#8221;][vc_column_text]<strong>Parlaci della tua esperienza nella Paletti Angelo &amp; C. S.N.C.<\/strong><br \/>\nLa ditta \u00e8 nata prima di me. Sono cresciuto in un ambiente di imprenditori dove il lavoro si fondeva con la passione. Quindi, fin da giovanissimo, ho iniziato ad avvicinarmi al mondo dell\u2019artigianato.[\/vc_column_text][vc_empty_space height=&#8221;20px&#8221;][vc_column_text]<strong>Che ruolo svolgi nella Paletti Angelo &amp; C. S.N.C.?<\/strong><br \/>\nCoordino i lavori. Ho l\u2019appoggio di collaboratori fidati e di un un team ad hoc! Essendo un\u2019azienda a tradizione familiare, l\u2019elemento che contraddistingue il lavoro che offriamo \u00e8 la volont\u00e0 nel raggiungere gli obiettivi definiti con il cliente.<br \/>\nCoordinare diventa semplice quando tutto il team \u00e8 allineato verso l\u2019obiettivo.[\/vc_column_text][vc_empty_space height=&#8221;20px&#8221;][vc_column_text]<strong>Qual \u00e8 il fattore che caratterizza e rende originale l\u2019offerta artigianale della Paletti Angelo &amp; C. S.N.C.?<\/strong><br \/>\nSpicca la seriet\u00e0, la precisione, la professionalit\u00e0 e la qualit\u00e0 delle opere eseguite, la passione ed il piacere in ci\u00f2 che creiamo, l\u2019accurata protezione ed il rispetto dei locali, la puntualit\u00e0 nella consegna, l\u2019attenzione alle particolari esigenze del cliente. Fattori che aiutano a ricevere totale fiducia.[\/vc_column_text][vc_empty_space height=&#8221;20px&#8221;][vc_column_text]<strong>La Paletti Angelo &amp; C. S.N.C. ha lavorato anche all\u2019estero?<\/strong><br \/>\nS\u00ec, in Francia, Gran Bretagna, Russia, Cina.[\/vc_column_text][vc_empty_space height=&#8221;20px&#8221;][vc_column_text]<strong>Cosa ha cambiato nella Paletti Angelo &amp; C. S.N.C. e nel suo modo di lavorare l\u2019esperienza all\u2019estero?<\/strong><br \/>\nIl confronto con ambienti diversi ha ampliato le prospettive. L\u2019artigianato italiano \u00e8 molto apprezzato all\u2019estero. Essere dei modelli in altri paesi \u00e8 motivo di orgoglio e aiuta la Paletti Angelo &amp; C. S.N.C. a capire che migliorare la qualit\u00e0 \u00e8 un percorso di crescita.[\/vc_column_text][vc_empty_space height=&#8221;20px&#8221;][\/vc_column_inner][\/vc_row_inner][\/vc_column][\/vc_row]<\/p>\n","protected":false},"excerpt":{"rendered":"<p>[vc_row row_style=&#8221;full-width&#8221; equal_height=&#8221;true&#8221; vertical_align=&#8221;middle&#8221; padding_size=&#8221;no-padding&#8221;][vc_column padding_size=&#8221;l-padding&#8221; width=&#8221;1\/2&#8243;][vc_single_image][\/vc_column][vc_column overlap=&#8221;left&#8221; overlap_distance=&#8221;100px&#8221; overlap_index=&#8221;50&#8243; width=&#8221;1\/2&#8243;][vc_row_inner][vc_column_inner offset=&#8221;vc_hidden-sm vc_hidden-xs&#8221;][vc_empty_space][\/vc_column_inner][\/vc_row_inner][vc_row_inner overlap=&#8221;left&#8221; overlap_distance=&#8221;150px&#8221; overlap_index=&#8221;50&#8243; padding_size=&#8221;no-padding&#8221;][vc_column_inner padding_size=&#8221;no-padding&#8221;][vc_custom_heading text=&#8221;Intervista a Ivan Paletti&#8221; font_container=&#8221;tag:h2|font_size:58px|text_align:left|line_height:70px&#8221; google_fonts=&#8221;font_family:Playfair%20Display%3Aregular%2Citalic%2C700%2C700italic%2C900%2C900italic|font_style:700%20bold%20regular%3A700%3Anormal&#8221; css=&#8221;.vc_custom_1507728731929{padding-right: 5% !important;padding-left: 5% !important;}&#8221;][vc_empty_space][\/vc_column_inner][\/vc_row_inner][vc_row_inner padding_size=&#8221;no-padding&#8221; css=&#8221;.vc_custom_1457181877042{padding-right: 5% !important;padding-left: 5% !important;}&#8221;][vc_column_inner padding_size=&#8221;no-padding&#8221;][vc_custom_heading text=&#8221;Breve chiacchierata con il nostro AD.&#8221; font_container=&#8221;tag:p|font_size:22px|text_align:left|color:%23555555|line_height:36px&#8221; google_fonts=&#8221;font_family:Lato%3A100%2C100italic%2C300%2C300italic%2Cregular%2Citalic%2C700%2C700italic%2C900%2C900italic|font_style:300%20light%20regular%3A300%3Anormal&#8221;][\/vc_column_inner][\/vc_row_inner][\/vc_column][\/vc_row][vc_row row_style=&#8221;full-width&#8221; equal_height=&#8221;true&#8221; vertical_align=&#8221;middle&#8221;][vc_column padding_size=&#8221;l-padding&#8221; width=&#8221;1\/2&#8243; css=&#8221;.vc_custom_1472398779573{padding-top: 0px !important;padding-bottom: 0px !important;}&#8221;][vc_single_image image=&#8221;4854&#8243;][\/vc_column][vc_column [&hellip;]<\/p>\n","protected":false},"author":1,"featured_media":0,"parent":0,"menu_order":0,"comment_status":"closed","ping_status":"closed","template":"","meta":{"footnotes":""},"_links":{"self":[{"href":"https:\/\/finiturefirmate.it\/index.php?rest_route=\/wp\/v2\/pages\/2029"}],"collection":[{"href":"https:\/\/finiturefirmate.it\/index.php?rest_route=\/wp\/v2\/pages"}],"about":[{"href":"https:\/\/finiturefirmate.it\/index.php?rest_route=\/wp\/v2\/types\/page"}],"author":[{"embeddable":true,"href":"https:\/\/finiturefirmate.it\/index.php?rest_route=\/wp\/v2\/users\/1"}],"replies":[{"embeddable":true,"href":"https:\/\/finiturefirmate.it\/index.php?rest_route=%2Fwp%2Fv2%2Fcomments&post=2029"}],"version-history":[{"count":14,"href":"https:\/\/finiturefirmate.it\/index.php?rest_route=\/wp\/v2\/pages\/2029\/revisions"}],"predecessor-version":[{"id":5213,"href":"https:\/\/finiturefirmate.it\/index.php?rest_route=\/wp\/v2\/pages\/2029\/revisions\/5213"}],"wp:attachment":[{"href":"https:\/\/finiturefirmate.it\/index.php?rest_route=%2Fwp%2Fv2%2Fmedia&parent=2029"}],"curies":[{"name":"wp","href":"https:\/\/api.w.org\/{rel}","templated":true}]}}